ond derivative of k(j). Suppose -1 - 7 = 4*q. Determine p(q).
-6
Suppose 3*o = 5*y + 19, 0 = 3*y + o + 24 - 21. Let j(s) = s + 1. Give j(y).
-1
Let t(m) = -m - 3. Let p(d) = 8*d + 20. Let a(x) = 6*p(x) + 40*t(x). Let y be (-1705)/(-35) + 6/21. Let k be 4/(-10) - y/(-35). Determine a(k).
8
Let s(b) = -6*b - 1. Let q(f) = -19*f - 10. Let g be q(-4). Let c be g/22 + -1 + 0. Give s(c).
-13
Let u(b) be the second derivative of -b**3/3 + b**2/2 + 5*b - 6. Suppose 12 = 2*w - d, 4 = -2*w + 3*d - 6*d. Calculate u(w).
-7
Suppose 0 = -w - 2*c + 4, 4 = w - 0*c - 2*c. Suppose 3*p - 2*y - 16 = -0*y, 23 = 4*p - 3*y. Let r be (p/w)/(2/12). Let t(m) = -4*m + 1. Determine t(r).
-11
Let p(v) = -4*v**3 + v + 2. Let s be p(-2). Suppose -s = -f - 30. Let a(y) = 3*y**f + 3*y - 3*y**3 + 0*y**3 + 4 + 2*y**3. What is a(4)?
0
Let n(m) be the first derivative of -15*m**2/2 - m + 1. Let s(j) = j**3 - 15*j**2 + 62*j - 49. Let b be s(8). Determine n(b).
14
Let u = -941 + 930. Let p(j) = 3*j - 11. Calculate p(u).
-44
Let r(n) = n**2 - 10*n + 10. Let u(z) = -z - 1. Let h(d) = 8*d**2 - 2*d - 6. Let i(j) = h(j) - 4*u(j). Let s be i(1). Give r(s).
-6
Let c(u) be the second derivative of 1/6*u**3 + 9*u + 1/6*u**4 + 0 + 0*u**2. Give c(-1).
1
Let t = -18 - -85. Let r = t + -64. Let l(s) = 3*s - 3 - 4*s + 0*s**2 + s**2. Give l(r).
3
Let t = 1115 + -1120. Let f(u) = u**2 - 5*u + 1. Calculate f(t).
51
Let k(d) be the first derivative of d**4/4 + 6*d**3 - 10*d + 331. Determine k(-18).
-10
Let z be 1*((-2 - 0) + 1 + 1). Suppose 5*p = h + 11, z = 2*h + 2*h - 3*p - 24. Let u(o) = -o**2 + 10*o - 5. What is u(h)?
4
Let k(a) = 5*a**2 - 146*a - 3 + 301*a + 5*a**3 - 152*a. Let r(o) = 9*o**3 + 10*o**2 + 6*o - 5. Suppose 4*w + 0*w = -16. Let z(h) = w*r(h) + 7*k(h). Give z(-4).
-5
Let k be -1 - (-11)/2 - 1/(-2). Let i(m) = -3 - m - 1 + 4*m - k. Determine i(6).
9
Let c(h) = 8*h**2 - 4*h - 3. Let z(k) = -6*k**2 + 4*k + 3. Let w(l) = 2*c(l) + 3*z(l). Calculate w(5).
-27
Let n(o) = 2*o - 12. Let k be 1/(4/24) - -3. Suppose 0 = 5*j - 6*j + k. Calculate n(j).
6
Let v = 6 + -1. Let c be ((-6)/(-15))/(1/v). Let u(p) be the first derivative of -3*p**4/4 + p**3 - p**2/2 + 2*p + 11. Determine u(c).
-12
Suppose -3*b = 5*v - 75, 0*b = 2*v - 2*b - 46. Let g = v + -15. Let q(c) = c**3 - 4*c**2 + c + 4. Calculate q(g).
-2
Suppose 0 = v + i, 3*i - 10 = -4*v + 4*i. Suppose v*k - m - 1 = 4, -5*k + m = -11. Let z(t) = -5*t + 1. Calculate z(k).
-9
Suppose 0 = 312*v - 328*v - 16. Let t(y) = -9*y**3 + y + 1. What is t(v)?
9
Let k(x) = -27*x + 10. Let y = 100 - 98. Let a(z) = 5*z - 2. Let u(s) = y*k(s) + 11*a(s). Calculate u(7).
5
Let n(l) = -l**2 - 4*l + 4. Let z = 26 - -16. Suppose -z = m - 37. What is n(m)?
-1
Let b(j) be the first derivative of j**3/3 - 5*j**2/2 - 4*j - 91. Give b(-3).
20
Suppose 28*w - 32*w + 24 = 0. Let x be (4/w)/(2/6). Let p(r) = r**2 - r + 1. Give p(x).
3
Let r(d) = d**2 - 4*d**3 - 3*d**2 + 2*d**3 - 4*d - 7*d**2. Let a be r(-4). Let p(t) = -t**3 - t**2 - t + 11. Give p(a).
11
Let z(a) = -1 + 41*a**3 + 2*a**3 + 2*a - 10*a**3 - 2*a**2. Give z(1).
32
Let r(s) = -18 + 4*s + 3*s - 5*s + s**2 + 4*s. Let q be r(-8). Let b(h) = h**3 + 6*h**2 + 3*h. Calculate b(q).
10
Let g(k) = k**3 + 1 + 0*k**2 + 3*k + 4*k**2 - 4*k**2 - 5*k**2. Suppose 3*n = 8*z - 4*z + 4, -4*z + 12 = n. What is g(n)?
-3
Let h(j) be the second derivative of 3/2*j**2 + 1/20*j**5 + 0*j**3 - 4*j + 1/12*j**4 + 0. Determine h(0).
3
Let g = -43 - -46. Suppose 2*r = -3*t - 5, r + 1 = -3*t + g*r. Let v(w) be the first derivative of -3*w**4/4 + w**2/2 + 1. Calculate v(t).
2
Let l(g) = -g**2 + 5*g - 4. Let a be l(1). Let n(j) = j**2 - 3*j + 7. What is n(a)?
7
Let l(d) = -2*d**2 - 16*d + 24. Let s be l(-9). Let v(b) = b**3 - 5*b**2 - 9*b + 2. Give v(s).
-16
Let y(b) = b + 12. Let m = -4 - -3. Let w be m - (-3 + 6 + 1). Determine y(w).
7
Let f(g) = 3*g + 19. Let r = 186 + -195. What is f(r)?
-8
Let h(y) = 2*y + 24. Suppose -14*l - 129 + 45 = 0. Calculate h(l).
12
Let m(g) = -g**3 - 4*g**2 + 5*g - 5. Let w(f) = f. Let v(o) = m(o) - w(o). Give v(-5).
0
Suppose 5*v = -5*b + 2*v + 10, 0 = -b - 5*v + 2. Let c(w) = 12 + w**3 + 2*w**b + 2*w**2 - 10. Calculate c(-4).
2
Let i(n) = -2*n**2 - 15*n - 18. Let f be i(-6). Let m(x) = x**2. Calculate m(f).
0
Let g be 6 + (-4)/1 - 143. Let j = g + 143. Let l(o) = o**2 + 1. Determine l(j).
5
Let f(x) = x**3 + 7*x**2 + 10*x + 29. Let c be f(-6). Let v(o) = o**3 - 7*o**2 + 3*o - 4. Give v(c).
-39
Let a(m) be the third derivative of -m**5/60 + m**3 - 5*m**2. Let z(p) = -20*p - 60. Let h be z(-3). Determine a(h).
6
Let i be (3/(-2))/((-12)/88). Let l = i - 12. Let f(z) be the second derivative of z**5/4 + z**3/6 + z**2/2 + 4*z. Calculate f(l).
-5
Let j(s) be the first derivative of s**4/4 - 8*s**3/3 - s**2/2 - s - 2. Let d = -163 - -171. Calculate j(d).
-9
Suppose -4*m + 18 = -10. Let o(d) = -6*d**3 - 7*d**2 + 9*d + 7. Let u(x) = 3*x**3 + 4*x**2 - 5*x - 4. Let r(y) = m*u(y) + 4*o(y). What is r(1)?
-2
Let w = 16 + -13. Suppose 2*j - w = -13. Let g(r) = -2*r - 3. Give g(j).
7
Let k(x) be the third derivative of x**4/12 - x**3/6 + 20*x**2 + 14*x. Let f(b) = -b**2 - 2*b + 1. Let l be f(-2). What is k(l)?
1
Let o = 1279 - 1276. Let a(u) = 3*u - 4*u + 2*u - u**2 + 3. Calculate a(o).
-3
Let g(m) = -2*m + 5. Let v = -4 + 12. Suppose -5*t + 4 = 4*u, 20 = v*t - 4*t - u. Suppose t = 2*n - n. Determine g(n).
-3
Let m(i) be the second derivative of -i**5/20 + i**4/12 + i**3/3 + i**2/2 - 141*i + 1. Calculate m(-2).
9
Suppose 159 = -129*u - 30*u. Let m(a) = -9*a + 4. Let l(w) = -1. Let t(f) = 5*l(f) + m(f). Determine t(u).
8
Let j(g) = g - 4. Suppose -1 = 2*z - 3*z, -5*z = 3*b - 62. Suppose -5*w + b = -51. Let a be (w/21)/(2/12). Determine j(a).
0
Let c(o) be the second derivative of -2*o**3/3 + 55*o**2/2 + 321*o. What is c(12)?
7
Suppose 23*k = -21*k + 616. Let v(p) = p**2 - 13*p - 4. Calculate v(k).
10
Suppose 5*b + 60*k - 56*k - 11 = 0, 3*b + k = 1. Let p(x) = -26*x**2 - 3*x - 2. Calculate p(b).
-25
Let w(m) = -m - 3. Let t be w(3). Suppose 3*z - 3*b + 19 = 1, 2*z + b - 3 = 0. Let i(n) = 3*n. Let c(p) = p. Let u(k) = z*i(k) + 4*c(k). Give u(t).
-6
Suppose 264*d + 48 = 240*d. Let g(s) = 22*s - 1. Give g(d).
-45
Let y(s) be the second derivative of -s**6/144 + s**5/120 + s**4 + 25*s. Let q(i) be the third derivative of y(i). Calculate q(1).
-4
Let a = -3 + -4. Let i be (2/(8/(-3)))/((-3)/12). Let b(w) = 7*w + 9 + 2*w**3 + 11*w**2 - i*w**2 - w**3. What is b(a)?
9
Suppose -n - 30 + 33 = 0. Let u(i) = -3*i**2 - 1 + 3*i - i**3 + 0*i**n - i**2 + i**2. Calculate u(-4).
3
Suppose 55 = -5*u - 0*u. Let y = u + 9. Let a be 1*(0 + (y - 1)). Let l(f) = -f**2 - 4*f - 2. Calculate l(a).
1
Let x(p) = 8*p - 35. Let m(q) = -6*q + 24. Let i(s) = 7*m(s) + 5*x(s). Give i(-4).
1
Let v(z) = 3*z**3 + 46*z + 2*z**2 + 42*z - 4*z**2 - 86*z. Determine v(2).
20
Suppose 5 = 5*g - 5*d, -5*d = 3*g - 34 - 1. Let z = -11 - -19. Let n = g - z. Let o(u) = -u**2 - 6*u + 1. What is o(n)?
10
Let q be (-1)/(-2)*-1*(-64)/8. Let r(o) = o**3 + o**2 - o - 1. Let d(t) = -2*t**3 - 8*t**2 + 4*t + 5. Let l(i) = -d(i) - 3*r(i). Calculate l(q).
10
Let g(p) = -p**3 - p**2 + 4*p - 4. Let s(d) = d**3 - 3*d + 3. Suppose 0 = -6*v + 10*v - 20. Let u(n) = v*g(n) + 6*s(n). Calculate u(5).
8
Let s be 14/(-1)*(-6)/21. Let m = s + -4. Let h(x) = x + 2 + m + 0*x + 0. What is h(-5)?
-3
Let b be (-5)/(-2*1/(-4)). Let k(j) = -3*j - 19. Determine k(b).
11
Let t(h) be the second derivative of -h**5/20 + 7*h**4/6 + 2*h**2 + 2*h - 18. What is t(14)?
4
Let j(t) = -4*t - 1. Suppose 5*u - 4*u = -84. Let r be 1/((-4)/u*-3). Let v be (-8)/(-12) + r/(-3). Determine j(v).
-13
Let s(q) be the third derivative of -5*q**2 + 0*q + 1/60*q**5 + 1/2*q**3 + 0 + 5/24*q**4. Give s(-3).
-3
Let m(o) be the second derivative of -o**5/20 - o**4/6 + o**3/6 - o**2/2 + 34*o + 1. Determine m(-3).
5
Let r(i) = -i**2 + 34*i - 117. Let l be r(4). Let o(z) = z**2 - 4 + 1 - z**3 + z**2 + 4*z. Calculate o(l).
0
Let s = 14 + -12. Suppose 3*u - 31 = -2*u - 3*f, 2*u = -s*f + 14. Let w(a) = -a**3 - 4 + u - 2*a**3 + 2*a**3. Calculate w(0).
1
Let x(r) be the second derivative of -r**7/840 + r**6/120 + r**5/120 - r**4/8 - 5*r**3/2 - 9*r. Let v(t) be the second derivative of x(t). Determine v(4).
-15
Let d(v) = v**2 + 5*v + 1. Let 